{"id":173445,"date":"2024-06-21T00:31:19","date_gmt":"2024-06-20T22:31:19","guid":{"rendered":"https:\/\/www.reyerlooks.com\/?post_type=product&#038;p=173445"},"modified":"2026-04-21T12:40:28","modified_gmt":"2026-04-21T10:40:28","slug":"pullover-83","status":"publish","type":"product","link":"https:\/\/reyerlooks.com.staging-development.com\/?product=pullover-83","title":{"rendered":"Pullover"},"content":{"rendered":"<p>in Wei\u00df mit Glitzersteinen<br \/>\nRundhalsausschnitt<br \/>\nfeiner Rippstrick<br \/>\nRippb\u00fcndchen an Saum, \u00c4rmelenden und Ausschnitt<br \/>\nzwei Logo-Sternchen hinten<br \/>\nsehr angenehmes, feines Material<br \/>\nPassform: leicht figurbetont, passgenau<\/p>\n","protected":false},"excerpt":{"rendered":"<p>in Wei\u00df mit Glitzersteinen Rundhalsausschnitt feiner Rippstrick Rippb\u00fcndchen an Saum, \u00c4rmelenden und Ausschnitt zwei Logo-Sternchen hinten sehr angenehmes, feines Material Passform: leicht figurbetont, passgenau<\/p>\n","protected":false},"featured_media":173482,"comment_status":"open","ping_status":"closed","template":"","meta":{"_acf_changed":false,"inline_featured_image":false},"product_cat":[4378,4386,4413,4414,1612],"product_tag":[],"class_list":{"0":"post-173445","1":"product","2":"type-product","3":"status-publish","4":"has-post-thumbnail","6":"product_cat-women","7":"product_cat-women-bekleidung","8":"product_cat-women-bekleidung-strick","9":"product_cat-women-bekleidung-strick-pullover","10":"product_cat-golden-goose","12":"first","13":"instock","14":"taxable","15":"shipping-taxable","16":"purchasable","17":"product-type-variable"},"acf":[],"_links":{"self":[{"href":"https:\/\/reyerlooks.com.staging-development.com\/index.php?rest_route=\/wp\/v2\/product\/173445","targetHints":{"allow":["GET"]}}],"collection":[{"href":"https:\/\/reyerlooks.com.staging-development.com\/index.php?rest_route=\/wp\/v2\/product"}],"about":[{"href":"https:\/\/reyerlooks.com.staging-development.com\/index.php?rest_route=\/wp\/v2\/types\/product"}],"replies":[{"embeddable":true,"href":"https:\/\/reyerlooks.com.staging-development.com\/index.php?rest_route=%2Fwp%2Fv2%2Fcomments&post=173445"}],"wp:featuredmedia":[{"embeddable":true,"href":"https:\/\/reyerlooks.com.staging-development.com\/index.php?rest_route=\/wp\/v2\/media\/173482"}],"wp:attachment":[{"href":"https:\/\/reyerlooks.com.staging-development.com\/index.php?rest_route=%2Fwp%2Fv2%2Fmedia&parent=173445"}],"wp:term":[{"taxonomy":"product_cat","embeddable":true,"href":"https:\/\/reyerlooks.com.staging-development.com\/index.php?rest_route=%2Fwp%2Fv2%2Fproduct_cat&post=173445"},{"taxonomy":"product_tag","embeddable":true,"href":"https:\/\/reyerlooks.com.staging-development.com\/index.php?rest_route=%2Fwp%2Fv2%2Fproduct_tag&post=173445"}],"curies":[{"name":"wp","href":"https:\/\/api.w.org\/{rel}","templated":true}]}}