{"id":172742,"date":"2024-04-11T12:26:21","date_gmt":"2024-04-11T10:26:21","guid":{"rendered":"https:\/\/www.reyerlooks.com\/produkt\/jeans-blau-4"},"modified":"2026-04-15T12:24:59","modified_gmt":"2026-04-15T10:24:59","slug":"wide-leg-jeans-9","status":"publish","type":"product","link":"https:\/\/reyerlooks.com.staging-development.com\/?product=wide-leg-jeans-9","title":{"rendered":"Wide-Leg Jeans"},"content":{"rendered":"<p>in Hellblau<br \/>\nleichter Used-Look an Saum, Taschen etc.<br \/>\nschlie\u00dft mit verdeckter Knopfleiste<br \/>\nG\u00fcrtelschlaufen<br \/>\nseitliche Eingriffstaschen<br \/>\nausgesetzte Ges\u00e4\u00dftaschen<br \/>\ngewaschene Optik<br \/>\nPassform: High Rise, gerades und weites Bein, f\u00e4llt locker<\/p>\n","protected":false},"excerpt":{"rendered":"<p>in Hellblau leichter Used-Look an Saum, Taschen etc. schlie\u00dft mit verdeckter Knopfleiste G\u00fcrtelschlaufen seitliche Eingriffstaschen ausgesetzte Ges\u00e4\u00dftaschen gewaschene Optik Passform: High Rise, gerades und weites Bein, f\u00e4llt locker<\/p>\n","protected":false},"featured_media":172792,"comment_status":"open","ping_status":"closed","template":"","meta":{"_acf_changed":false,"inline_featured_image":false},"product_cat":[1764,4378,4386,4461,4408,1643],"product_tag":[],"class_list":{"0":"post-172742","1":"product","2":"type-product","3":"status-publish","4":"has-post-thumbnail","6":"product_cat-new-in","7":"product_cat-women","8":"product_cat-women-bekleidung","9":"product_cat-women-bekleidung-jeans-straight-leg","10":"product_cat-women-bekleidung-jeans","11":"product_cat-citizens-of-humanity","13":"first","14":"instock","15":"taxable","16":"shipping-taxable","17":"purchasable","18":"product-type-variable"},"acf":[],"_links":{"self":[{"href":"https:\/\/reyerlooks.com.staging-development.com\/index.php?rest_route=\/wp\/v2\/product\/172742","targetHints":{"allow":["GET"]}}],"collection":[{"href":"https:\/\/reyerlooks.com.staging-development.com\/index.php?rest_route=\/wp\/v2\/product"}],"about":[{"href":"https:\/\/reyerlooks.com.staging-development.com\/index.php?rest_route=\/wp\/v2\/types\/product"}],"replies":[{"embeddable":true,"href":"https:\/\/reyerlooks.com.staging-development.com\/index.php?rest_route=%2Fwp%2Fv2%2Fcomments&post=172742"}],"wp:featuredmedia":[{"embeddable":true,"href":"https:\/\/reyerlooks.com.staging-development.com\/index.php?rest_route=\/wp\/v2\/media\/172792"}],"wp:attachment":[{"href":"https:\/\/reyerlooks.com.staging-development.com\/index.php?rest_route=%2Fwp%2Fv2%2Fmedia&parent=172742"}],"wp:term":[{"taxonomy":"product_cat","embeddable":true,"href":"https:\/\/reyerlooks.com.staging-development.com\/index.php?rest_route=%2Fwp%2Fv2%2Fproduct_cat&post=172742"},{"taxonomy":"product_tag","embeddable":true,"href":"https:\/\/reyerlooks.com.staging-development.com\/index.php?rest_route=%2Fwp%2Fv2%2Fproduct_tag&post=172742"}],"curies":[{"name":"wp","href":"https:\/\/api.w.org\/{rel}","templated":true}]}}