{"id":3007,"date":"2020-07-09T16:38:39","date_gmt":"2020-07-09T14:38:39","guid":{"rendered":"https:\/\/reyer.lake-studio.de\/?page_id=3007"},"modified":"2024-07-15T13:03:24","modified_gmt":"2024-07-15T11:03:24","slug":"reyer-store","status":"publish","type":"page","link":"https:\/\/reyerlooks.com.staging-development.com\/?page_id=3007","title":{"rendered":"Reyer Store"},"content":{"rendered":"<div class=\"wpb-content-wrapper\">\t\t\t<section  class=\"content-section vc_backgroundimage vc_bg_image_large   stretch-row vc-cover   mb-20-xs mb-30-sm\"  style=\"background-position:center center;background-image:url(https:\/\/reyerlooks.com.staging-development.com\/wp-content\/uploads\/2024\/04\/titelbild-studio-2-2000x899px-04-2024-1920x847.jpg);\"  >\n\n\t\t\t\t\n\t\t\t\t\n\t\t\t\t\n\t\t\t\t<div class=\"row  \">\n\n\t\t\t\t\t[vc_column][\/vc_column]\n\t\t\t\t<\/div>\n\n\t\t\t\t\n\t\t\t\t\n\t\t\t\n\t\t\t\n\t\t<\/section>\n\n\t\t\t\t<section  class=\"content-section negative-row-large   custom-padding-inner p-20-xs p-30-sm p-50-md p-70-lg no-margin\"  style=\"background-color:#ffffff;\"  >\n\n\t\t\t\t\n\t\t\t\t\n\t\t\t\t\n\t\t\t\t<div class=\"row  \">\n\n\t\t\t\t\t[vc_column vc_padding_inner=&#8221;pb-30-xs pb-40-md&#8221;][vc_column_text]\n<h1 class=\"ls-text-uppercase\" style=\"text-align: center\">Reyer Fashion Store<\/h1>\n[\/vc_column_text][\/vc_column][vc_column width=&#8221;1\/2&#8243;][vc_column_text]Die REYER Family zieht an. Gleichgesinnte und Querdenker. Individualisten und Charakterk\u00f6pfe. Menschen, die das Besondere sch\u00e4tzen. Kunden, die fru\u0308her oder sp\u00e4ter zu Freunden werden.<\/p>\n<p>Eine Begegnung auf Augenh\u00f6he, die auf beiden Seiten inspiriert. Ehrlich und echt. Aufmerksam und wertsch\u00e4tzend. Beste Beratung, die vom Herzen kommt. Weil das REYER Team viele Pers\u00f6nlichkeiten vereint. Und sich aus Leidenschaft am Puls der Zeit bewegt. Allesamt inspirierende K\u00f6pfe.<\/p>\n<p>Weil bei REYER Mode seit Generationen gelebt wird. Weil man sich Zeit nimmt und hinh\u00f6rt. Weil ein ehrliches L\u00e4cheln durch nichts zu ersetzen ist. Weil ein pru\u0308fender Blick hilft, die richtige Entscheidung zu treffen.<\/p>\n<p>Es geht ja um so viel mehr als um das \u00c4u\u00dfere. Es geht um dieses Gefu\u0308hl, das man mit nach Hause nimmt. Das gewisse Etwas, das man nicht greifen, aber spu\u0308ren kann. Das ist es, was die REYER Moments ausmacht. Erlebnisse in besonderer Atmosph\u00e4re[\/vc_column_text][\/vc_column][vc_column width=&#8221;1\/3&#8243; vc_align_elements=&#8221;ls-text-center-xs&#8221; offset=&#8221;vc_col-sm-offset-2&#8243;]\n\t\t<div  class=\"ls-vc-accordion wpb_content_element \">\n\n\t       \t<div class=\"accordion-container js-accordion-container \" data-active=\"\">\n\n\t       \t\t<h4>Personal Shopping<\/h4><div class=\"entry-content\">Als besonderen Service k\u00f6nnen Sie jederzeit Termine f\u00fcr Ihr eigenes Personalshopping Erlebnis kostenfrei bei uns buchen.<br \/>\nTelefon: <a href=\"tel:+43624580281\">+43 6245 80281<\/a><br \/>\nE-Mail: <a href=\"&#x6d;a&#x69;l&#x74;&#111;&#x3a;&#105;n&#x66;o&#x40;&#114;&#x65;&#121;&#x65;&#114;&#46;&#x63;c\">i&#110;&#102;&#x6f;&#x40;&#x72;&#x65;y&#101;&#114;&#46;&#x63;&#x63;<\/a><\/div><h4>\u00c4nderungsschneiderei<\/h4><div class=\"entry-content\">In unserer hauseigenen Schneiderei passen wir Ihre Bekleidung auf Sie an. Bei pers\u00f6nlichem Termin k\u00f6nnen Sie auf die \u00c4nderungen warten.<\/div><h4>Ma\u00dfanz\u00fcge<\/h4><div class=\"entry-content\">Service und Qualit\u00e4t wird bei REYER gro\u00df geschrieben. Unsere erfahrenen Herren-Stylisten beraten Sie individuell und im Rahmen Ihres pers\u00f6nlichen Stils. F\u00fcr Ihren perfekt sitzenden Ma\u00dfanzug.<\/div><h4>Parkplatz vor der T\u00fcre<\/h4><div class=\"entry-content\">Shopping-Erlebnis ohne Hektik und Stress. Parken Sie entspannt auf unseren hauseigenen Parkpl\u00e4tzen rund um den Reyer Store. Auch eine elektrische Lades\u00e4ule steht Ihnen zur Verf\u00fcgung.<\/div>\n\t       \t<\/div><!-- end \/.accordion-container -->\n\n\t\t<\/div><!-- end \/.ls-vc-accordion -->\n\n\t   \t[\/vc_column]\n\t\t\t\t<\/div>\n\n\t\t\t\t\n\t\t\t\t\n\t\t\t\n\t\t\t\n\t\t<\/section>\n\n\t\t\t\t<section  class=\"content-section    pt-40-xs pb-40-xs pt-50-md pb-50-md pt-70-lg pb-70-lg  mb-20-xs mb-30-sm\"    >\n\n\t\t\t\t\n\t\t\t\t\n\t\t\t\t\n\t\t\t\t<div class=\"row  \">\n\n\t\t\t\t\t[vc_column width=&#8221;1\/4&#8243;]\t\t<div  class=\"ls-vc-image wpb_content_element \">\n\n\t\t\t\n\t\t\t\t<div class=\"image ls-text-center-xs\">\n\n\t\t\t\t\t<div class=\"image__img \">\n\n\t\t\t\t\t\t\n\t\t\t\t\t\t\t<span class=\"image_wrap\">\n\n\t\t\t\t\t\t\t\t\n\t\t\t\t\t\t\t\t<img  class=\"lozad\" data-src=\"https:\/\/reyerlooks.com.staging-development.com\/wp-content\/uploads\/2024\/04\/damenabteilung-900x899px-04-2024-576x575.jpg\" alt=\"\" width=\"576\" height=\"575\">\n\n\t\t\t\t\t\t\t\t\n\t\t\t\t\t\t\t\t\n\t\t\t\t\t\t\t<\/span>\n\n\t\t\t\t\t\t\n\t\t\t\t\t\t\n\t\t\t\t\t<\/div><!-- end \/.image__img -->\n\n\t\t\t\t<\/div><!-- end \/.image -->\n\n\t\t\t\n\t\t<\/div><!-- end \/.ls-vc-image -->\n\n\t\t[\/vc_column][vc_column width=&#8221;1\/4&#8243;]\t\t<div  class=\"ls-vc-image wpb_content_element \">\n\n\t\t\t\n\t\t\t\t<div class=\"image ls-text-center-xs\">\n\n\t\t\t\t\t<div class=\"image__img \">\n\n\t\t\t\t\t\t\n\t\t\t\t\t\t\t<span class=\"image_wrap\">\n\n\t\t\t\t\t\t\t\t\n\t\t\t\t\t\t\t\t<img  class=\"lozad\" data-src=\"https:\/\/reyerlooks.com.staging-development.com\/wp-content\/uploads\/2023\/09\/gaderobe-900x899-1-768x767.jpg\" alt=\"\" width=\"768\" height=\"767\">\n\n\t\t\t\t\t\t\t\t\n\t\t\t\t\t\t\t\t\n\t\t\t\t\t\t\t<\/span>\n\n\t\t\t\t\t\t\n\t\t\t\t\t\t\n\t\t\t\t\t<\/div><!-- end \/.image__img -->\n\n\t\t\t\t<\/div><!-- end \/.image -->\n\n\t\t\t\n\t\t<\/div><!-- end \/.ls-vc-image -->\n\n\t\t[\/vc_column][vc_column width=&#8221;1\/4&#8243;]\t\t<div  class=\"ls-vc-image wpb_content_element \">\n\n\t\t\t\n\t\t\t\t<div class=\"image ls-text-center-xs\">\n\n\t\t\t\t\t<div class=\"image__img \">\n\n\t\t\t\t\t\t\n\t\t\t\t\t\t\t<span class=\"image_wrap\">\n\n\t\t\t\t\t\t\t\t\n\t\t\t\t\t\t\t\t<img  class=\"lozad\" data-src=\"https:\/\/reyerlooks.com.staging-development.com\/wp-content\/uploads\/2021\/04\/os-herren-q-768x768.jpg\" alt=\"\" width=\"768\" height=\"768\">\n\n\t\t\t\t\t\t\t\t\n\t\t\t\t\t\t\t\t\n\t\t\t\t\t\t\t<\/span>\n\n\t\t\t\t\t\t\n\t\t\t\t\t\t\n\t\t\t\t\t<\/div><!-- end \/.image__img -->\n\n\t\t\t\t<\/div><!-- end \/.image -->\n\n\t\t\t\n\t\t<\/div><!-- end \/.ls-vc-image -->\n\n\t\t[\/vc_column][vc_column width=&#8221;1\/4&#8243;]\t\t<div  class=\"ls-vc-image wpb_content_element \">\n\n\t\t\t\n\t\t\t\t<div class=\"image ls-text-center-xs\">\n\n\t\t\t\t\t<div class=\"image__img \">\n\n\t\t\t\t\t\t\n\t\t\t\t\t\t\t<span class=\"image_wrap\">\n\n\t\t\t\t\t\t\t\t\n\t\t\t\t\t\t\t\t<img  class=\"lozad\" data-src=\"https:\/\/reyerlooks.com.staging-development.com\/wp-content\/uploads\/2024\/04\/urban-900x899px-04-2024-768x767.jpg\" alt=\"\" width=\"768\" height=\"767\">\n\n\t\t\t\t\t\t\t\t\n\t\t\t\t\t\t\t\t\n\t\t\t\t\t\t\t<\/span>\n\n\t\t\t\t\t\t\n\t\t\t\t\t\t\n\t\t\t\t\t<\/div><!-- end \/.image__img -->\n\n\t\t\t\t<\/div><!-- end \/.image -->\n\n\t\t\t\n\t\t<\/div><!-- end \/.ls-vc-image -->\n\n\t\t[\/vc_column]\n\t\t\t\t<\/div>\n\n\t\t\t\t\n\t\t\t\t\n\t\t\t\n\t\t\t\n\t\t<\/section>\n\n\t\t\t\t<section  class=\"content-section    pb-40-xs pb-50-md pb-70-lg  mb-20-xs mb-30-sm\"    >\n\n\t\t\t\t\n\t\t\t\t\n\t\t\t\t\n\t\t\t\t<div class=\"row  \">\n\n\t\t\t\t\t[vc_column width=&#8221;2\/3&#8243; offset=&#8221;vc_col-sm-offset-2&#8243;][vc_column_text]\n<p class=\"ls-text-uppercase\" style=\"text-align: center\"><strong>LET&#8217;S STAY IN TOUCH!<\/strong><\/p>\n<p class=\"letterspacing letterspacing--3px\" style=\"text-align: center\">REYER ein Ort der Inspiration und des kreativen Austauschs. Weil pers\u00f6nliche Begegnungen mehr Spa\u00df machen als digitalisierte Routinen. Und weil es sch\u00f6n ist, \u00fcberrascht zu werden.<br \/>\nBleiben Sie stilsicher auf dem neuesten Stand und verpassen Sie keine News \u00fcber Designer-Highlights, Events und Aktionen: melden Sie sich <a href=\"https:\/\/reyerlooks.com.staging-development.com\/newsletter\">hier<\/a> f\u00fcr unseren Newsletter an.<\/p>\n[\/vc_column_text][\/vc_column]\n\t\t\t\t<\/div>\n\n\t\t\t\t\n\t\t\t\t\n\t\t\t\n\t\t\t\n\t\t<\/section>\n\n\t\t\t\t<section  class=\"content-section    pb-50-xs pb-60-md pb-100-lg pb-140-xl  mb-20-xs mb-30-sm\"    >\n\n\t\t\t\t\n\t\t\t\t\n\t\t\t\t\n\t\t\t\t<div class=\"row  vc_row-o-equal-height vc_row-flex ls-flex center\">\n\n\t\t\t\t\t[vc_column width=&#8221;7\/12&#8243;][vc_row_inner equal_height=&#8221;yes&#8221; vc_row_inner_no_gutter=&#8221;no-gutter&#8221;][vc_column_inner width=&#8221;1\/2&#8243; vc_padding_inner=&#8221;pb-30-xs pb-40-md&#8221;]\t\t<div  class=\"ls-vc-image wpb_content_element \">\n\n\t\t\t\n\t\t\t\t<div class=\"image \">\n\n\t\t\t\t\t<div class=\"image__img \">\n\n\t\t\t\t\t\t\n\t\t\t\t\t\t\t<span class=\"image_wrap\">\n\n\t\t\t\t\t\t\t\t\n\t\t\t\t\t\t\t\t<img loading=\"lazy\" decoding=\"async\"  style=\"border: 10px solid #ffffff;\" src=\"https:\/\/reyerlooks.com.staging-development.com\/wp-content\/uploads\/2021\/04\/os-oeff2.jpg\" alt=\"\" width=\"600\" height=\"900\">\n\n\t\t\t\t\t\t\t\t\n\t\t\t\t\t\t\t\t\n\t\t\t\t\t\t\t<\/span>\n\n\t\t\t\t\t\t\n\t\t\t\t\t\t\n\t\t\t\t\t<\/div><!-- end \/.image__img -->\n\n\t\t\t\t<\/div><!-- end \/.image -->\n\n\t\t\t\n\t\t<\/div><!-- end \/.ls-vc-image -->\n\n\t\t[\/vc_column_inner][vc_column_inner width=&#8221;1\/2&#8243;]\t\t<div  class=\"ls-vc-image wpb_content_element \">\n\n\t\t\t\n\t\t\t\t<div class=\"image \">\n\n\t\t\t\t\t<div class=\"image__img \">\n\n\t\t\t\t\t\t\n\t\t\t\t\t\t\t<span class=\"image_wrap\">\n\n\t\t\t\t\t\t\t\t\n\t\t\t\t\t\t\t\t<img loading=\"lazy\" decoding=\"async\"  style=\"border: 10px solid #ffffff;\" src=\"https:\/\/reyerlooks.com.staging-development.com\/wp-content\/uploads\/2021\/04\/os-oeff2-1.jpg\" alt=\"\" width=\"600\" height=\"900\">\n\n\t\t\t\t\t\t\t\t\n\t\t\t\t\t\t\t\t\n\t\t\t\t\t\t\t<\/span>\n\n\t\t\t\t\t\t\n\t\t\t\t\t\t\n\t\t\t\t\t<\/div><!-- end \/.image__img -->\n\n\t\t\t\t<\/div><!-- end \/.image -->\n\n\t\t\t\n\t\t<\/div><!-- end \/.ls-vc-image -->\n\n\t\t[\/vc_column_inner][\/vc_row_inner][\/vc_column][vc_column width=&#8221;5\/12&#8243;][vc_column_text css=&#8221;&#8221; vc_rwd=&#8221;&#8221;]\n<p class=\"ls-text-uppercase\" style=\"text-align: center\"><strong>\u00d6FFNUNGSZEITEN<br \/>\n<\/strong><\/p>\n<p style=\"text-align: center\">Montag &#8211; Freitag \/\/ 10.00 &#8211; 18.00 Uhr<br \/>\nSamstag \/\/ 10.00 &#8211; 14.00 Uhr<\/p>\n<p style=\"text-align: center\">Jeden ersten Samstag im Monat \/\/ 10.00 &#8211; 16.00 Uhr<\/p>\n<p style=\"text-align: center\"><strong>+++<br \/>\n<\/strong><\/p>\n<p style=\"text-align: center\">Abholung beim Store via <strong>CLICK &amp; COLLECT<\/strong> w\u00e4hrend der Store-\u00d6ffnungszeiten m\u00f6glich.<\/p>\n<p style=\"text-align: center\">Bitte um kurzen Anruf unter +436245-80281, sobald Sie da sind, damit wir Ihnen Ihre Bestellung schnellstm\u00f6glich \u00fcbergeben k\u00f6nnen.<\/p>\n[\/vc_column_text][ls_vc_spacer vc_height_rwd=&#8221;height&#8211;60&#8243;][vc_column_text]\n<p style=\"text-align: center\"><span class=\"ls-text-uppercase\">Karl Reyer Sport &amp; Mode Handels Gmbh<\/span><br \/>\nWeissgerberweg 2-6<br \/>\nA-5400 Hallein<\/p>\n<p style=\"text-align: center\">Telefon: <a href=\"tel:+43624580281\">+43 6245 80281<\/a><br \/>\nE-Mail: <a href=\"&#x6d;&#97;&#x69;&#x6c;&#116;&#x6f;&#x3a;&#105;&#x6e;&#x66;&#111;&#x40;&#x72;e&#x79;&#x65;r&#x2e;&#99;c\">&#x69;n&#x66;&#111;&#x40;&#114;&#x65;&#x79;e&#x72;&#46;&#x63;&#99;<\/a><\/p>\n[\/vc_column_text][\/vc_column]\n\t\t\t\t<\/div>\n\n\t\t\t\t\n\t\t\t\t\n\t\t\t\n\t\t\t\n\t\t<\/section>\n\n\t\n<\/div>","protected":false},"excerpt":{"rendered":"[vc_column][\/vc_column] [vc_column vc_padding_inner=\"pb-30-xs pb-40-md\"][vc_column_text] Reyer Fashion Store [\/vc_column_text][\/vc_column][vc_column width=\"1\/2\"][vc_column_text]Die REYER Family zieht an. Gleichgesinnte und Querdenker. Individualisten und Charakterk\u00f6pfe. Menschen, die das Besondere sch\u00e4tzen. Kunden, die fru\u0308her oder sp\u00e4ter zu Freunden werden. Eine Begegnung auf Augenh\u00f6he, die auf beiden Seiten inspiriert. Ehrlich und echt. Aufmerksam und wertsch\u00e4tzend. Beste Beratung, die <a class=\"moretag\" href=\"https:\/\/reyerlooks.com.staging-development.com\/?page_id=3007\">weiterlesen...<\/a>","protected":false},"author":1,"featured_media":0,"parent":0,"menu_order":57,"comment_status":"closed","ping_status":"closed","template":"","meta":{"_acf_changed":false,"inline_featured_image":false,"footnotes":""},"class_list":["post-3007","page","type-page","status-publish","hentry"],"acf":[],"_links":{"self":[{"href":"https:\/\/reyerlooks.com.staging-development.com\/index.php?rest_route=\/wp\/v2\/pages\/3007","targetHints":{"allow":["GET"]}}],"collection":[{"href":"https:\/\/reyerlooks.com.staging-development.com\/index.php?rest_route=\/wp\/v2\/pages"}],"about":[{"href":"https:\/\/reyerlooks.com.staging-development.com\/index.php?rest_route=\/wp\/v2\/types\/page"}],"author":[{"embeddable":true,"href":"https:\/\/reyerlooks.com.staging-development.com\/index.php?rest_route=\/wp\/v2\/users\/1"}],"replies":[{"embeddable":true,"href":"https:\/\/reyerlooks.com.staging-development.com\/index.php?rest_route=%2Fwp%2Fv2%2Fcomments&post=3007"}],"version-history":[{"count":8,"href":"https:\/\/reyerlooks.com.staging-development.com\/index.php?rest_route=\/wp\/v2\/pages\/3007\/revisions"}],"predecessor-version":[{"id":174042,"href":"https:\/\/reyerlooks.com.staging-development.com\/index.php?rest_route=\/wp\/v2\/pages\/3007\/revisions\/174042"}],"wp:attachment":[{"href":"https:\/\/reyerlooks.com.staging-development.com\/index.php?rest_route=%2Fwp%2Fv2%2Fmedia&parent=3007"}],"curies":[{"name":"wp","href":"https:\/\/api.w.org\/{rel}","templated":true}]}}